{"id":536,"date":"2021-01-01T15:29:20","date_gmt":"2021-01-01T14:29:20","guid":{"rendered":"http:\/\/5.189.153.254\/clients6\/ciel\/?page_id=536"},"modified":"2021-01-01T22:18:08","modified_gmt":"2021-01-01T21:18:08","slug":"gefpro","status":"publish","type":"page","link":"http:\/\/5.189.153.254\/clients6\/ciel\/?page_id=536","title":{"rendered":"GEFPro"},"content":{"rendered":"<p>[vc_row css=&#8221;.vc_custom_1563179106208{padding-top: 90px !important;padding-bottom: 90px !important;}&#8221;][vc_column width=&#8221;1\/2&#8243;][vc_column_text]<\/p>\n<h3 style=\"color: #2a2b73;\">GEFPro v4.1<\/h3>\n<p>Le Groupe CIEL de Tanger, est le premier \u00e9tablissement scolaire de formation professionnelle qui a commenc\u00e9 l\u2019utilisation de l\u2019Espace Num\u00e9rique de Travail (E.N.T) sp\u00e9cialis\u00e9 comme GEFPro d\u00e9velopp\u00e9 par <a href=\"https:\/\/www.amine.pro\" data-type=\"URL\" data-id=\"https:\/\/www.amine.pro\">Amine BAHHAR<\/a> en 2016.<\/p>\n<p>En effet, GEFPro est un E.N.T (c\u2019est un prolongement num\u00e9rique de l\u2019\u00e9cole). Il s\u2019agit d\u2019une plateforme multi-utilisateurs et multifonctionnelle permettant de g\u00e9rer un \u00e9tablissement de formation professionnelle comme son nom l\u2019indique:[\/vc_column_text][vc_single_image image=&#8221;439&#8243; img_size=&#8221;full&#8221;][vc_column_text]Maintenant, GEFPro dispose de sa version 4.1 qui se caract\u00e9rise par la simplicit\u00e9, la\u00a0flexibilit\u00e9, la rapidit\u00e9 et la s\u00e9curit\u00e9.<\/p>\n<p>\u00c0 cet \u00e9gard, il est port\u00e9 \u00e0 l\u2019attention de tous les acteurs, qu\u2019ils soient formateurs, agents administratifs ou stagiaires, de l\u2019Institut CIEL de Tanger, qu\u2019ils ont d\u00e9sormais un acc\u00e8s personnalis\u00e9 \u00e0 l\u2019Espace Num\u00e9rique de Travail (ENT) nomm\u00e9 GEFPro, \u00e0 partir de n\u2019importe quel poste de travail (PC, Smartphone ou Tablette) connect\u00e9 \u00e0 Internet.<\/p>\n<p>Cet espace qui a \u00e9t\u00e9 d\u00e9velopp\u00e9 sp\u00e9cialement dans un souci de rapprocher l\u2019administration de l\u2019apprenant et pour faciliter l\u2019acc\u00e8s \u00e0 l\u2019information et d\u2019une fa\u00e7on personnalis\u00e9e, permettra \u00e0 chaque stagiaire d\u2019acc\u00e9der aux fonctionnalit\u00e9s suivantes :<\/p>\n<ul>\n<li><strong>Ses donn\u00e9es personnelles<\/strong><\/li>\n<li><strong>Ses Devoirs<\/strong><\/li>\n<li><strong>Ses r\u00e9sultats apr\u00e8s chaque session d\u2019examens<\/strong><\/li>\n<li><strong>Le calendrier d\u2019examens<\/strong><\/li>\n<li><strong>L\u2019emploi du temps de sa classe<\/strong><\/li>\n<li><strong>Les supports de cours<\/strong><\/li>\n<li><strong>La biblioth\u00e8que num\u00e9rique de l\u2019\u00e9tablissement<\/strong><\/li>\n<li><strong>Les vacances<\/strong><\/li>\n<li><strong>\u2026<\/strong><\/li>\n<\/ul>\n<p>L\u2019acc\u00e8s \u00e0 ce service se fait \u00e0 travers le lien suivant : \u201c<strong><a href=\"https:\/\/gefpro.institut-ciel.com\/\">https:\/\/gefpro.institut-ciel.com<\/a><\/strong>\u201c.[\/vc_column_text][\/vc_column][vc_column width=&#8221;1\/2&#8243;][vc_single_image image=&#8221;300&#8243; img_size=&#8221;full&#8221;][vc_video link=&#8221;https:\/\/www.youtube.com\/watch?v=KPhE6i3EvS8&amp;feature=emb_title&#8221;][\/vc_column][\/vc_row][vc_row archi_parallax2=&#8221;yes&#8221; css=&#8221;.vc_custom_1609535346768{padding-top: 90px !important;padding-bottom: 90px !important;background-image: url(http:\/\/5.189.153.254\/clients6\/ciel\/wp-content\/uploads\/2020\/12\/nuages-win-98.jpg?id=371) !important;}&#8221;][vc_column width=&#8221;1\/2&#8243; offset=&#8221;vc_col-lg-6&#8243;]\t<!-- Element: OT FAQs -->\n  \t<div class=\"expand\">\n        <h4>Compte de G\u00e9rant<\/h4>\n        <div class=\"hidden-content\">\n            <p style=\"text-align: left;\">C&#8217;est le compte principal qui g\u00e8re tous les autres comptes et services de l&#8217;E.N.T.<\/p>\n        <\/div>\n    <\/div>\n\t<!-- Element: OT FAQs -->\n  \t<div class=\"expand\">\n        <h4>Compte d&#039;Agent administratif<\/h4>\n        <div class=\"hidden-content\">\n            <p>C&#8217;est un compte a interface graphique dynamique et variante selon le poste de l&#8217;agent administratif de l&#8217;\u00e9tablissement et ses privil\u00e8ges affect\u00e9s par le G\u00e9rant.<\/p>\n        <\/div>\n    <\/div>\n\t<!-- Element: OT FAQs -->\n  \t<div class=\"expand\">\n        <h4>Compte de Formateur<\/h4>\n        <div class=\"hidden-content\">\n            <p>Compte de Formateurs de l&#8217;\u00e9tablissement, o\u00f9 ils peuvent annoncer des contr\u00f4les continus, des devoirs, etc.<\/p>\n        <\/div>\n    <\/div>\n\t<!-- Element: OT FAQs -->\n  \t<div class=\"expand\">\n        <h4>Compte de Stagiaire<\/h4>\n        <div class=\"hidden-content\">\n            <p>C&#8217;est le compte des apprenants de l&#8217;\u00e9tablissement (stagiaires). En effet, ils peuvent consulter les supports de cours, leurs notes, etc.<\/p>\n        <\/div>\n    <\/div>\n\t<!-- Element: OT FAQs -->\n  \t<div class=\"expand\">\n        <h4>Compte de Tuteur<\/h4>\n        <div class=\"hidden-content\">\n            <p>C&#8217;est le compte du P\u00e8re ou Tuteur de l&#8217;apprenant pour le permettre de poursuivre l&#8217;absence et les r\u00e9sultats scolaire du stagiaire concern\u00e9.<\/p>\n        <\/div>\n    <\/div>\n\t<!-- Element: OT FAQs -->\n  \t<div class=\"expand\">\n        <h4>Compte de Candidat<\/h4>\n        <div class=\"hidden-content\">\n            <p>C&#8217;est le compte des nouveaux inscrits pour la communication avant le debut des cours en pr\u00e9sentiel.<\/p>\n        <\/div>\n    <\/div>\n\t<!-- Element: OT FAQs -->\n  \t<div class=\"expand\">\n        <h4>Compte d&#039;Employeur<\/h4>\n        <div class=\"hidden-content\">\n            <p>Il s&#8217;agit d&#8217;un compte destin\u00e9 aux partenaires professionnels de l&#8217;\u00e9tablissement pour communiquer certaines informations comme les CV des laur\u00e9ats \u00e0 titre d&#8217;exemple.<\/p>\n        <\/div>\n    <\/div>\n[\/vc_column][vc_column width=&#8221;1\/2&#8243;][vc_single_image image=&#8221;610&#8243; img_size=&#8221;full&#8221;][\/vc_column][\/vc_row][vc_row css=&#8221;.vc_custom_1563179653199{padding-top: 90px !important;padding-bottom: 90px !important;}&#8221;][vc_column animate=&#8221;fadeindown&#8221;][vc_single_image image=&#8221;300&#8243; img_size=&#8221;full&#8221;][\/vc_column][\/vc_row]<\/p>\n","protected":false},"excerpt":{"rendered":"<p>[vc_row css=&#8221;.vc_custom_1563179106208{padding-top: 90px !important;padding-bottom: 90px !important;}&#8221;][vc_column width=&#8221;1\/2&#8243;][vc_column_text] GEFPro v4.1 Le Groupe CIEL de Tanger, est le premier \u00e9tablissement scolaire de formation professionnelle qui a commenc\u00e9 l\u2019utilisation de l\u2019Espace Num\u00e9rique de Travail (E.N.T) sp\u00e9cialis\u00e9 comme GEFPro d\u00e9velopp\u00e9 par Amine BAHHAR en 2016. En effet, GEFPro est un E.N.T (c\u2019est un prolongement num\u00e9rique de l\u2019\u00e9cole). Il s\u2019agit [&hellip;]<\/p>\n","protected":false},"author":1,"featured_media":0,"parent":0,"menu_order":0,"comment_status":"closed","ping_status":"closed","template":"page-templates\/template-fullwidth.php","meta":[],"_links":{"self":[{"href":"http:\/\/5.189.153.254\/clients6\/ciel\/index.php?rest_route=\/wp\/v2\/pages\/536"}],"collection":[{"href":"http:\/\/5.189.153.254\/clients6\/ciel\/index.php?rest_route=\/wp\/v2\/pages"}],"about":[{"href":"http:\/\/5.189.153.254\/clients6\/ciel\/index.php?rest_route=\/wp\/v2\/types\/page"}],"author":[{"embeddable":true,"href":"http:\/\/5.189.153.254\/clients6\/ciel\/index.php?rest_route=\/wp\/v2\/users\/1"}],"replies":[{"embeddable":true,"href":"http:\/\/5.189.153.254\/clients6\/ciel\/index.php?rest_route=%2Fwp%2Fv2%2Fcomments&post=536"}],"version-history":[{"count":9,"href":"http:\/\/5.189.153.254\/clients6\/ciel\/index.php?rest_route=\/wp\/v2\/pages\/536\/revisions"}],"predecessor-version":[{"id":613,"href":"http:\/\/5.189.153.254\/clients6\/ciel\/index.php?rest_route=\/wp\/v2\/pages\/536\/revisions\/613"}],"wp:attachment":[{"href":"http:\/\/5.189.153.254\/clients6\/ciel\/index.php?rest_route=%2Fwp%2Fv2%2Fmedia&parent=536"}],"curies":[{"name":"wp","href":"https:\/\/api.w.org\/{rel}","templated":true}]}}

<p>[vc_row css=&#8221;.vc_custom_1563179106208{padding-top: 90px !important;padding-bottom: 90px !important;}&#8221;][vc_column width=&#8221;1/2&#8243;][vc_column_text]</p>
<h3 style="color: #2a2b73;">GEFPro v4.1</h3>
<p>Le Groupe CIEL de Tanger, est le premier établissement scolaire de formation professionnelle qui a commencé l’utilisation de l’Espace Numérique de Travail (E.N.T) spécialisé comme GEFPro développé par <a href="https://www.amine.pro" data-type="URL" data-id="https://www.amine.pro">Amine BAHHAR</a> en 2016.</p>
<p>En effet, GEFPro est un E.N.T (c’est un prolongement numérique de l’école). Il s’agit d’une plateforme multi-utilisateurs et multifonctionnelle permettant de gérer un établissement de formation professionnelle comme son nom l’indique:[/vc_column_text][vc_single_image image=&#8221;439&#8243; img_size=&#8221;full&#8221;][vc_column_text]Maintenant, GEFPro dispose de sa version 4.1 qui se caractérise par la simplicité, la flexibilité, la rapidité et la sécurité.</p>
<p>À cet égard, il est porté à l’attention de tous les acteurs, qu’ils soient formateurs, agents administratifs ou stagiaires, de l’Institut CIEL de Tanger, qu’ils ont désormais un accès personnalisé à l’Espace Numérique de Travail (ENT) nommé GEFPro, à partir de n’importe quel poste de travail (PC, Smartphone ou Tablette) connecté à Internet.</p>
<p>Cet espace qui a été développé spécialement dans un souci de rapprocher l’administration de l’apprenant et pour faciliter l’accès à l’information et d’une façon personnalisée, permettra à chaque stagiaire d’accéder aux fonctionnalités suivantes :</p>
<ul>
<li><strong>Ses données personnelles</strong></li>
<li><strong>Ses Devoirs</strong></li>
<li><strong>Ses résultats après chaque session d’examens</strong></li>
<li><strong>Le calendrier d’examens</strong></li>
<li><strong>L’emploi du temps de sa classe</strong></li>
<li><strong>Les supports de cours</strong></li>
<li><strong>La bibliothèque numérique de l’établissement</strong></li>
<li><strong>Les vacances</strong></li>
<li><strong>…</strong></li>
</ul>
<p>L’accès à ce service se fait à travers le lien suivant : “<strong><a href="https://gefpro.institut-ciel.com/">https://gefpro.institut-ciel.com</a></strong>“.[/vc_column_text][/vc_column][vc_column width=&#8221;1/2&#8243;][vc_single_image image=&#8221;300&#8243; img_size=&#8221;full&#8221;][vc_video link=&#8221;https://www.youtube.com/watch?v=KPhE6i3EvS8&amp;feature=emb_title&#8221;][/vc_column][/vc_row][vc_row archi_parallax2=&#8221;yes&#8221; css=&#8221;.vc_custom_1609535346768{padding-top: 90px !important;padding-bottom: 90px !important;background-image: url(http://5.189.153.254/clients6/ciel/wp-content/uploads/2020/12/nuages-win-98.jpg?id=371) !important;}&#8221;][vc_column width=&#8221;1/2&#8243; offset=&#8221;vc_col-lg-6&#8243;]	<!-- Element: OT FAQs -->
  	<div class="expand">
        <h4>Compte de Gérant</h4>
        <div class="hidden-content">
            <p style="text-align: left;">C&#8217;est le compte principal qui gère tous les autres comptes et services de l&#8217;E.N.T.</p>
        </div>
    </div>
	<!-- Element: OT FAQs -->
  	<div class="expand">
        <h4>Compte d&#039;Agent administratif</h4>
        <div class="hidden-content">
            <p>C&#8217;est un compte a interface graphique dynamique et variante selon le poste de l&#8217;agent administratif de l&#8217;établissement et ses privilèges affectés par le Gérant.</p>
        </div>
    </div>
	<!-- Element: OT FAQs -->
  	<div class="expand">
        <h4>Compte de Formateur</h4>
        <div class="hidden-content">
            <p>Compte de Formateurs de l&#8217;établissement, où ils peuvent annoncer des contrôles continus, des devoirs, etc.</p>
        </div>
    </div>
	<!-- Element: OT FAQs -->
  	<div class="expand">
        <h4>Compte de Stagiaire</h4>
        <div class="hidden-content">
            <p>C&#8217;est le compte des apprenants de l&#8217;établissement (stagiaires). En effet, ils peuvent consulter les supports de cours, leurs notes, etc.</p>
        </div>
    </div>
	<!-- Element: OT FAQs -->
  	<div class="expand">
        <h4>Compte de Tuteur</h4>
        <div class="hidden-content">
            <p>C&#8217;est le compte du Père ou Tuteur de l&#8217;apprenant pour le permettre de poursuivre l&#8217;absence et les résultats scolaire du stagiaire concerné.</p>
        </div>
    </div>
	<!-- Element: OT FAQs -->
  	<div class="expand">
        <h4>Compte de Candidat</h4>
        <div class="hidden-content">
            <p>C&#8217;est le compte des nouveaux inscrits pour la communication avant le debut des cours en présentiel.</p>
        </div>
    </div>
	<!-- Element: OT FAQs -->
  	<div class="expand">
        <h4>Compte d&#039;Employeur</h4>
        <div class="hidden-content">
            <p>Il s&#8217;agit d&#8217;un compte destiné aux partenaires professionnels de l&#8217;établissement pour communiquer certaines informations comme les CV des lauréats à titre d&#8217;exemple.</p>
        </div>
    </div>
[/vc_column][vc_column width=&#8221;1/2&#8243;][vc_single_image image=&#8221;610&#8243; img_size=&#8221;full&#8221;][/vc_column][/vc_row][vc_row css=&#8221;.vc_custom_1563179653199{padding-top: 90px !important;padding-bottom: 90px !important;}&#8221;][vc_column animate=&#8221;fadeindown&#8221;][vc_single_image image=&#8221;300&#8243; img_size=&#8221;full&#8221;][/vc_column][/vc_row]</p>

<p>[vc_row css=&#8221;.vc_custom_1563179106208{padding-top: 90px !important;padding-bottom: 90px !important;}&#8221;][vc_column width=&#8221;1/2&#8243;][vc_column_text] GEFPro v4.1 Le Groupe CIEL de Tanger, est le premier établissement scolaire de formation professionnelle qui a commencé l’utilisation de l’Espace Numérique de Travail (E.N.T) spécialisé comme GEFPro développé par Amine BAHHAR en 2016. En effet, GEFPro est un E.N.T (c’est un prolongement numérique de l’école). Il s’agit [&hellip;]</p>
